{"id":15612,"date":"2025-09-09T14:07:38","date_gmt":"2025-09-09T14:07:38","guid":{"rendered":"https:\/\/graindesail.com\/?post_type=product&#038;p=15612"},"modified":"2026-04-30T00:00:51","modified_gmt":"2026-04-30T00:00:51","slug":"creme-cafe-facon-eclair","status":"publish","type":"product","link":"https:\/\/graindesail.com\/fr\/produit\/creme-cafe-facon-eclair\/","title":{"rendered":"Cr\u00e8me Caf\u00e9 &#8211; Fa\u00e7on \u00c9clair"},"content":{"rendered":"<p>Cette cr\u00e8me \u00e0 tartiner transforme un grand classique de la p\u00e2tisserie fran\u00e7aise en plaisir quotidien.<\/p>\n<p>Du caf\u00e9 bio du Mexique, et de la cr\u00e8me bretonne pour une texture velout\u00e9e, gourmande et irr\u00e9sistible.<\/p>\n<p>C&#8217;est la pause caf\u00e9&#8230; version tartine.<\/p>\n<p>Poids net : 220 grammes<\/p>\n<p>&nbsp;<\/p>\n<p>\u200b\u200b\u200b\u200b\u200b\u200b\u200bPensez au tri, la plan\u00e8te vous remercie !<\/p>\n","protected":false},"excerpt":{"rendered":"<p>Un \u00e9clair au caf\u00e9 version tartinable : d\u00e9licat, fondant, intense et doux \u00e0 la fois, \u00e0 d\u00e9guster au quotidien.<\/p>\n","protected":false},"featured_media":15602,"comment_status":"open","ping_status":"closed","template":"","meta":{"_acf_changed":false},"product_brand":[],"product_cat":[469,607],"product_tag":[],"class_list":{"0":"post-15612","1":"product","2":"type-product","3":"status-publish","4":"has-post-thumbnail","6":"product_cat-gourmandises","7":"product_cat-a-tartiner","9":"first","10":"instock","11":"taxable","12":"shipping-taxable","13":"purchasable","14":"product-type-simple"},"acf":[],"yoast_head":"<!-- This site is optimized with the Yoast SEO plugin v25.5 - https:\/\/yoast.com\/wordpress\/plugins\/seo\/ -->\n<title>Cr\u00e8me Caf\u00e9 - Fa\u00e7on \u00c9clair<\/title>\n<meta name=\"description\" content=\"Un \u00e9clair au caf\u00e9 version tartinable : d\u00e9licat, fondant, intense et doux \u00e0 la fois, \u00e0 d\u00e9guster au quotidien.\" \/>\n<meta name=\"robots\" content=\"index, follow, max-snippet:-1, max-image-preview:large, max-video-preview:-1\" \/>\n<link rel=\"canonical\" href=\"https:\/\/graindesail.com\/fr\/produit\/creme-cafe-facon-eclair\/\" \/>\n<meta property=\"og:locale\" content=\"fr_FR\" \/>\n<meta property=\"og:type\" content=\"article\" \/>\n<meta property=\"og:title\" content=\"Cr\u00e8me Caf\u00e9 - Fa\u00e7on \u00c9clair\" \/>\n<meta property=\"og:description\" content=\"Un \u00e9clair au caf\u00e9 version tartinable : d\u00e9licat, fondant, intense et doux \u00e0 la fois, \u00e0 d\u00e9guster au quotidien.\" \/>\n<meta property=\"og:url\" content=\"https:\/\/graindesail.com\/fr\/produit\/creme-cafe-facon-eclair\/\" \/>\n<meta property=\"og:site_name\" content=\"GDS\" \/>\n<meta property=\"article:modified_time\" content=\"2026-04-30T00:00:51+00:00\" \/>\n<meta property=\"og:image\" content=\"https:\/\/graindesail.com\/wp-content\/uploads\/2025\/09\/creme-cafe-facon-eclair220g.jpg\" \/>\n\t<meta property=\"og:image:width\" content=\"800\" \/>\n\t<meta property=\"og:image:height\" content=\"800\" \/>\n\t<meta property=\"og:image:type\" content=\"image\/jpeg\" \/>\n<meta name=\"twitter:card\" content=\"summary_large_image\" \/>\n<meta name=\"twitter:label1\" content=\"Dur\u00e9e de lecture estim\u00e9e\" \/>\n\t<meta name=\"twitter:data1\" content=\"1 minute\" \/>\n<script type=\"application\/ld+json\" class=\"yoast-schema-graph\">{\"@context\":\"https:\/\/schema.org\",\"@graph\":[{\"@type\":\"WebPage\",\"@id\":\"https:\/\/graindesail.com\/fr\/produit\/creme-cafe-facon-eclair\/\",\"url\":\"https:\/\/graindesail.com\/fr\/produit\/creme-cafe-facon-eclair\/\",\"name\":\"Cr\u00e8me Caf\u00e9 - Fa\u00e7on \u00c9clair\",\"isPartOf\":{\"@id\":\"https:\/\/graindesail.com\/fr\/#website\"},\"primaryImageOfPage\":{\"@id\":\"https:\/\/graindesail.com\/fr\/produit\/creme-cafe-facon-eclair\/#primaryimage\"},\"image\":{\"@id\":\"https:\/\/graindesail.com\/fr\/produit\/creme-cafe-facon-eclair\/#primaryimage\"},\"thumbnailUrl\":\"https:\/\/graindesail.com\/wp-content\/uploads\/2025\/09\/creme-cafe-facon-eclair220g.jpg\",\"datePublished\":\"2025-09-09T14:07:38+00:00\",\"dateModified\":\"2026-04-30T00:00:51+00:00\",\"description\":\"Un \u00e9clair au caf\u00e9 version tartinable : d\u00e9licat, fondant, intense et doux \u00e0 la fois, \u00e0 d\u00e9guster au quotidien.\",\"breadcrumb\":{\"@id\":\"https:\/\/graindesail.com\/fr\/produit\/creme-cafe-facon-eclair\/#breadcrumb\"},\"inLanguage\":\"fr-FR\",\"potentialAction\":[{\"@type\":\"ReadAction\",\"target\":[\"https:\/\/graindesail.com\/fr\/produit\/creme-cafe-facon-eclair\/\"]}]},{\"@type\":\"ImageObject\",\"inLanguage\":\"fr-FR\",\"@id\":\"https:\/\/graindesail.com\/fr\/produit\/creme-cafe-facon-eclair\/#primaryimage\",\"url\":\"https:\/\/graindesail.com\/wp-content\/uploads\/2025\/09\/creme-cafe-facon-eclair220g.jpg\",\"contentUrl\":\"https:\/\/graindesail.com\/wp-content\/uploads\/2025\/09\/creme-cafe-facon-eclair220g.jpg\",\"width\":800,\"height\":800,\"caption\":\"Tartine Cr\u00e8me Caf\u00e9 Facon Eclair 220G\"},{\"@type\":\"BreadcrumbList\",\"@id\":\"https:\/\/graindesail.com\/fr\/produit\/creme-cafe-facon-eclair\/#breadcrumb\",\"itemListElement\":[{\"@type\":\"ListItem\",\"position\":1,\"name\":\"Home\",\"item\":\"https:\/\/graindesail.com\/fr\/\"},{\"@type\":\"ListItem\",\"position\":2,\"name\":\"Notre boutique en ligne\",\"item\":\"https:\/\/graindesail.com\/fr\/notre-boutique-en-ligne\/\"},{\"@type\":\"ListItem\",\"position\":3,\"name\":\"Cr\u00e8me Caf\u00e9 &#8211; Fa\u00e7on \u00c9clair\"}]},{\"@type\":\"WebSite\",\"@id\":\"https:\/\/graindesail.com\/fr\/#website\",\"url\":\"https:\/\/graindesail.com\/fr\/\",\"name\":\"GDS\",\"description\":\"\",\"publisher\":{\"@id\":\"https:\/\/graindesail.com\/fr\/#organization\"},\"potentialAction\":[{\"@type\":\"SearchAction\",\"target\":{\"@type\":\"EntryPoint\",\"urlTemplate\":\"https:\/\/graindesail.com\/fr\/?s={search_term_string}\"},\"query-input\":{\"@type\":\"PropertyValueSpecification\",\"valueRequired\":true,\"valueName\":\"search_term_string\"}}],\"inLanguage\":\"fr-FR\"},{\"@type\":\"Organization\",\"@id\":\"https:\/\/graindesail.com\/fr\/#organization\",\"name\":\"GDS\",\"url\":\"https:\/\/graindesail.com\/fr\/\",\"logo\":{\"@type\":\"ImageObject\",\"inLanguage\":\"fr-FR\",\"@id\":\"https:\/\/graindesail.com\/fr\/#\/schema\/logo\/image\/\",\"url\":\"https:\/\/graindesail.com\/wp-content\/uploads\/2024\/12\/logo.svg\",\"contentUrl\":\"https:\/\/graindesail.com\/wp-content\/uploads\/2024\/12\/logo.svg\",\"width\":82,\"height\":130,\"caption\":\"GDS\"},\"image\":{\"@id\":\"https:\/\/graindesail.com\/fr\/#\/schema\/logo\/image\/\"}}]}<\/script>\n<!-- \/ Yoast SEO plugin. -->","yoast_head_json":{"title":"Cr\u00e8me Caf\u00e9 - Fa\u00e7on \u00c9clair","description":"Un \u00e9clair au caf\u00e9 version tartinable : d\u00e9licat, fondant, intense et doux \u00e0 la fois, \u00e0 d\u00e9guster au quotidien.","robots":{"index":"index","follow":"follow","max-snippet":"max-snippet:-1","max-image-preview":"max-image-preview:large","max-video-preview":"max-video-preview:-1"},"canonical":"https:\/\/graindesail.com\/fr\/produit\/creme-cafe-facon-eclair\/","og_locale":"fr_FR","og_type":"article","og_title":"Cr\u00e8me Caf\u00e9 - Fa\u00e7on \u00c9clair","og_description":"Un \u00e9clair au caf\u00e9 version tartinable : d\u00e9licat, fondant, intense et doux \u00e0 la fois, \u00e0 d\u00e9guster au quotidien.","og_url":"https:\/\/graindesail.com\/fr\/produit\/creme-cafe-facon-eclair\/","og_site_name":"GDS","article_modified_time":"2026-04-30T00:00:51+00:00","og_image":[{"width":800,"height":800,"url":"https:\/\/graindesail.com\/wp-content\/uploads\/2025\/09\/creme-cafe-facon-eclair220g.jpg","type":"image\/jpeg"}],"twitter_card":"summary_large_image","twitter_misc":{"Dur\u00e9e de lecture estim\u00e9e":"1 minute"},"schema":{"@context":"https:\/\/schema.org","@graph":[{"@type":"WebPage","@id":"https:\/\/graindesail.com\/fr\/produit\/creme-cafe-facon-eclair\/","url":"https:\/\/graindesail.com\/fr\/produit\/creme-cafe-facon-eclair\/","name":"Cr\u00e8me Caf\u00e9 - Fa\u00e7on \u00c9clair","isPartOf":{"@id":"https:\/\/graindesail.com\/fr\/#website"},"primaryImageOfPage":{"@id":"https:\/\/graindesail.com\/fr\/produit\/creme-cafe-facon-eclair\/#primaryimage"},"image":{"@id":"https:\/\/graindesail.com\/fr\/produit\/creme-cafe-facon-eclair\/#primaryimage"},"thumbnailUrl":"https:\/\/graindesail.com\/wp-content\/uploads\/2025\/09\/creme-cafe-facon-eclair220g.jpg","datePublished":"2025-09-09T14:07:38+00:00","dateModified":"2026-04-30T00:00:51+00:00","description":"Un \u00e9clair au caf\u00e9 version tartinable : d\u00e9licat, fondant, intense et doux \u00e0 la fois, \u00e0 d\u00e9guster au quotidien.","breadcrumb":{"@id":"https:\/\/graindesail.com\/fr\/produit\/creme-cafe-facon-eclair\/#breadcrumb"},"inLanguage":"fr-FR","potentialAction":[{"@type":"ReadAction","target":["https:\/\/graindesail.com\/fr\/produit\/creme-cafe-facon-eclair\/"]}]},{"@type":"ImageObject","inLanguage":"fr-FR","@id":"https:\/\/graindesail.com\/fr\/produit\/creme-cafe-facon-eclair\/#primaryimage","url":"https:\/\/graindesail.com\/wp-content\/uploads\/2025\/09\/creme-cafe-facon-eclair220g.jpg","contentUrl":"https:\/\/graindesail.com\/wp-content\/uploads\/2025\/09\/creme-cafe-facon-eclair220g.jpg","width":800,"height":800,"caption":"Tartine Cr\u00e8me Caf\u00e9 Facon Eclair 220G"},{"@type":"BreadcrumbList","@id":"https:\/\/graindesail.com\/fr\/produit\/creme-cafe-facon-eclair\/#breadcrumb","itemListElement":[{"@type":"ListItem","position":1,"name":"Home","item":"https:\/\/graindesail.com\/fr\/"},{"@type":"ListItem","position":2,"name":"Notre boutique en ligne","item":"https:\/\/graindesail.com\/fr\/notre-boutique-en-ligne\/"},{"@type":"ListItem","position":3,"name":"Cr\u00e8me Caf\u00e9 &#8211; Fa\u00e7on \u00c9clair"}]},{"@type":"WebSite","@id":"https:\/\/graindesail.com\/fr\/#website","url":"https:\/\/graindesail.com\/fr\/","name":"GDS","description":"","publisher":{"@id":"https:\/\/graindesail.com\/fr\/#organization"},"potentialAction":[{"@type":"SearchAction","target":{"@type":"EntryPoint","urlTemplate":"https:\/\/graindesail.com\/fr\/?s={search_term_string}"},"query-input":{"@type":"PropertyValueSpecification","valueRequired":true,"valueName":"search_term_string"}}],"inLanguage":"fr-FR"},{"@type":"Organization","@id":"https:\/\/graindesail.com\/fr\/#organization","name":"GDS","url":"https:\/\/graindesail.com\/fr\/","logo":{"@type":"ImageObject","inLanguage":"fr-FR","@id":"https:\/\/graindesail.com\/fr\/#\/schema\/logo\/image\/","url":"https:\/\/graindesail.com\/wp-content\/uploads\/2024\/12\/logo.svg","contentUrl":"https:\/\/graindesail.com\/wp-content\/uploads\/2024\/12\/logo.svg","width":82,"height":130,"caption":"GDS"},"image":{"@id":"https:\/\/graindesail.com\/fr\/#\/schema\/logo\/image\/"}}]}},"_links":{"self":[{"href":"https:\/\/graindesail.com\/fr\/wp-json\/wp\/v2\/product\/15612","targetHints":{"allow":["GET"]}}],"collection":[{"href":"https:\/\/graindesail.com\/fr\/wp-json\/wp\/v2\/product"}],"about":[{"href":"https:\/\/graindesail.com\/fr\/wp-json\/wp\/v2\/types\/product"}],"replies":[{"embeddable":true,"href":"https:\/\/graindesail.com\/fr\/wp-json\/wp\/v2\/comments?post=15612"}],"wp:featuredmedia":[{"embeddable":true,"href":"https:\/\/graindesail.com\/fr\/wp-json\/wp\/v2\/media\/15602"}],"wp:attachment":[{"href":"https:\/\/graindesail.com\/fr\/wp-json\/wp\/v2\/media?parent=15612"}],"wp:term":[{"taxonomy":"product_brand","embeddable":true,"href":"https:\/\/graindesail.com\/fr\/wp-json\/wp\/v2\/product_brand?post=15612"},{"taxonomy":"product_cat","embeddable":true,"href":"https:\/\/graindesail.com\/fr\/wp-json\/wp\/v2\/product_cat?post=15612"},{"taxonomy":"product_tag","embeddable":true,"href":"https:\/\/graindesail.com\/fr\/wp-json\/wp\/v2\/product_tag?post=15612"}],"curies":[{"name":"wp","href":"https:\/\/api.w.org\/{rel}","templated":true}]}}

Crème Café &#8211; Façon Éclair

<p>Cette crème à tartiner transforme un grand classique de la pâtisserie française en plaisir quotidien.</p>
<p>Du café bio du Mexique, et de la crème bretonne pour une texture veloutée, gourmande et irrésistible.</p>
<p>C&#8217;est la pause café&#8230; version tartine.</p>
<p>Poids net : 220 grammes</p>
<p>&nbsp;</p>
<p>​​​​​​​Pensez au tri, la planète vous remercie !</p>

<p>Un éclair au café version tartinable : délicat, fondant, intense et doux à la fois, à déguster au quotidien.</p>

<!-- This site is optimized with the Yoast SEO plugin v25.5 - https://yoast.com/wordpress/plugins/seo/ -->
<title>Crème Café - Façon Éclair</title>
<meta name="description" content="Un éclair au café version tartinable : délicat, fondant, intense et doux à la fois, à déguster au quotidien." />
<meta name="robots" content="index, follow, max-snippet:-1, max-image-preview:large, max-video-preview:-1" />
<link rel="canonical" href="https://graindesail.com/fr/produit/creme-cafe-facon-eclair/" />
<meta property="og:locale" content="fr_FR" />
<meta property="og:type" content="article" />
<meta property="og:title" content="Crème Café - Façon Éclair" />
<meta property="og:description" content="Un éclair au café version tartinable : délicat, fondant, intense et doux à la fois, à déguster au quotidien." />
<meta property="og:url" content="https://graindesail.com/fr/produit/creme-cafe-facon-eclair/" />
<meta property="og:site_name" content="GDS" />
<meta property="article:modified_time" content="2026-04-30T00:00:51+00:00" />
<meta property="og:image" content="https://graindesail.com/wp-content/uploads/2025/09/creme-cafe-facon-eclair220g.jpg" />
	<meta property="og:image:width" content="800" />
	<meta property="og:image:height" content="800" />
	<meta property="og:image:type" content="image/jpeg" />
<meta name="twitter:card" content="summary_large_image" />
<meta name="twitter:label1" content="Durée de lecture estimée" />
	<meta name="twitter:data1" content="1 minute" />
<script type="application/ld+json" class="yoast-schema-graph">{"@context":"https://schema.org","@graph":[{"@type":"WebPage","@id":"https://graindesail.com/fr/produit/creme-cafe-facon-eclair/","url":"https://graindesail.com/fr/produit/creme-cafe-facon-eclair/","name":"Crème Café - Façon Éclair","isPartOf":{"@id":"https://graindesail.com/fr/#website"},"primaryImageOfPage":{"@id":"https://graindesail.com/fr/produit/creme-cafe-facon-eclair/#primaryimage"},"image":{"@id":"https://graindesail.com/fr/produit/creme-cafe-facon-eclair/#primaryimage"},"thumbnailUrl":"https://graindesail.com/wp-content/uploads/2025/09/creme-cafe-facon-eclair220g.jpg","datePublished":"2025-09-09T14:07:38+00:00","dateModified":"2026-04-30T00:00:51+00:00","description":"Un éclair au café version tartinable : délicat, fondant, intense et doux à la fois, à déguster au quotidien.","breadcrumb":{"@id":"https://graindesail.com/fr/produit/creme-cafe-facon-eclair/#breadcrumb"},"inLanguage":"fr-FR","potentialAction":[{"@type":"ReadAction","target":["https://graindesail.com/fr/produit/creme-cafe-facon-eclair/"]}]},{"@type":"ImageObject","inLanguage":"fr-FR","@id":"https://graindesail.com/fr/produit/creme-cafe-facon-eclair/#primaryimage","url":"https://graindesail.com/wp-content/uploads/2025/09/creme-cafe-facon-eclair220g.jpg","contentUrl":"https://graindesail.com/wp-content/uploads/2025/09/creme-cafe-facon-eclair220g.jpg","width":800,"height":800,"caption":"Tartine Crème Café Facon Eclair 220G"},{"@type":"BreadcrumbList","@id":"https://graindesail.com/fr/produit/creme-cafe-facon-eclair/#breadcrumb","itemListElement":[{"@type":"ListItem","position":1,"name":"Home","item":"https://graindesail.com/fr/"},{"@type":"ListItem","position":2,"name":"Notre boutique en ligne","item":"https://graindesail.com/fr/notre-boutique-en-ligne/"},{"@type":"ListItem","position":3,"name":"Crème Café &#8211; Façon Éclair"}]},{"@type":"WebSite","@id":"https://graindesail.com/fr/#website","url":"https://graindesail.com/fr/","name":"GDS","description":"","publisher":{"@id":"https://graindesail.com/fr/#organization"},"potentialAction":[{"@type":"SearchAction","target":{"@type":"EntryPoint","urlTemplate":"https://graindesail.com/fr/?s={search_term_string}"},"query-input":{"@type":"PropertyValueSpecification","valueRequired":true,"valueName":"search_term_string"}}],"inLanguage":"fr-FR"},{"@type":"Organization","@id":"https://graindesail.com/fr/#organization","name":"GDS","url":"https://graindesail.com/fr/","logo":{"@type":"ImageObject","inLanguage":"fr-FR","@id":"https://graindesail.com/fr/#/schema/logo/image/","url":"https://graindesail.com/wp-content/uploads/2024/12/logo.svg","contentUrl":"https://graindesail.com/wp-content/uploads/2024/12/logo.svg","width":82,"height":130,"caption":"GDS"},"image":{"@id":"https://graindesail.com/fr/#/schema/logo/image/"}}]}</script>
<!-- / Yoast SEO plugin. -->

Crème Café - Façon Éclair

Un éclair au café version tartinable : délicat, fondant, intense et doux à la fois, à déguster au quotidien.

Tartine Crème Café Facon Eclair 220G
